 2*t - 34. Let o(g) = -g**2 - 15*g + 8. Let k be o(c). Calculate the remainder when 17 is divided by 8/(-20) - k/(-10).
5
Suppose -21 = 4*z - 149. Let y = 64 - z. Calculate the remainder when y is divided by 12.
8
Let f = -20 + 19. Let n = 5 + f. What is the remainder when 14 is divided by n?
2
Let f = -23 + 41. Let s = 12 - f. Let i = 27 + s. Calculate the remainder when 61 is divided by i.
19
Let n = -4 + 55. What is the remainder when n is divided by 26?
25
Suppose -5*d = -5*x + 50, 5*x - 4*d + 3 - 53 = 0. What is the remainder when 38 is divided by x?
8
Let x(d) = d**3 - 5*d**2 - d - 5. What is the remainder when 70 is divided by x(6)?
20
Suppose -3*o = -0*o - 2*p - 213, 3*o - 3*p = 213. What is the remainder when o is divided by 37?
34
Let b(g) = -g**3 - 6*g**2 + 4*g - 8. Let t(k) = k**2 - 6*k - 7. Let q be t(6). Suppose -3*h + 102 + 12 = 0. What is the remainder when h is divided by b(q)?
12
Suppose 0 = -9*a + 2*a + 28. Calculate the remainder when 54 is divided by a.
2
Suppose 5*o - 9*o = -20. Calculate the remainder when 17 is divided by o.
2
Suppose -7*k + 113 = 8. What is the remainder when 39 is divided by k?
9
What is the remainder when (40/15)/((-2)/(-3)) is divided by 3?
1
Suppose -4*l = -9*l + 20. Suppose 5*g = -3*m - 33, -m + 3 = -l*m. What is the remainder when 18 is divided by -3*4/g + 8?
8
Calculate the remainder when (-6840)/(-126) - (2/7 + 0) is divided by 11.
10
Let m be (-78)/(-4) + (-4)/(-8). Suppose 4*r + 5*q = -0*r + m, 0 = 4*r + 4*q - 24. Calculate the remainder when 27 is divided by r.
7
Calculate the remainder when 47 is divided by (3528/(-35))/(-4) + (-1)/5.
22
Suppose 0*p + 12 = 4*p. Suppose 0 = -4*j - 4*x + 164, -p*j + 0*j + 3*x + 99 = 0. What is the remainder when j is divided by 10?
7
Let a = -37 - -52. Let u = a + -9. What is the remainder when (-2)/((-3)/(207/6)) is divided by u?
5
Let y(d) = d - 4. What is the remainder when y(10) is divided by 5?
1
Suppose 0 = 4*v - 0*v - y - 42, 0 = 4*y - 8. Suppose 20 = b - 11. What is the remainder when b is divided by v?
9
Let z be -1*(-3 - (-25 + 1)). Calculate the remainder when 14/z - 41/(-3) is divided by 3.
1
Suppose 0 = 2*y + y - 48. Calculate the remainder when (0 - -18)*(-5)/(-3) is divided by y.
14
Suppose 19 = -2*b + 67. Suppose -4*p + 2*p = 0. Suppose -5*v + 3*g + 80 = p, -9 = -4*v + 4*g + 63. What is the remainder when b is divided by v?
11
Let j be (-8)/1 - (1 + -1). Let b = 10 + j. Suppose -5*y - 2 = -i + 21, b*i - 26 = 5*y. What is the remainder when 5 is divided by i?
2
Let p = -19 - -47. What is the remainder when 83 is divided by p?
27
Let x(i) = 3*i**2 - 5*i. Calculate the remainder when x(6) is divided by 16.
14
Let p = 88 - 19. Suppose 4*u = 5*u - 4. Suppose 7*s = u*s + p. What is the remainder when 45 is divided by s?
22
Suppose -2*z - 21 = -z. Let c = -13 - z. Calculate the remainder when 22 is divided by c.
6
Let p(s) = 12*s - 3. Let o be p(-3). What is the remainder when (-3)/(-1)*o/(-9) is divided by 7?
6
Let r = -4 + 6. Suppose 4*x - 24 = -y, 4*y - 96 = r*x + 2*x. Calculate the remainder when 93 is divided by y.
21
Suppose 2*i - 53 = -1. What is the remainder when i is divided by 15?
11
Suppose 2*c - m - 11 = 0, -3*c - 2*m = -13 - 7. Let o = 10 - c. Calculate the remainder when o is divided by 3.
1
Suppose 0*m - 8 = -2*m. Suppose 0 = -3*f + 5*p + 125, 0 = -2*f + 4*p + 82 + m. What is the remainder when f is divided by 9?
8
Suppose 3*g + g = 48. Let n be (-2)/5 + (-404)/(-10). Let z = n + -7. What is the remainder when z is divided by g?
9
Let l = -45 + 71. Suppose -y = 6*y - 49. What is the remainder when l is divided by y?
5
Let z(v) = -3*v + 3. Let m be z(-5). What is the remainder when 16 is divided by (14 + 1)*m/27?
6
Suppose -2*d + 217 = -3*g + 4*g, 2*d - 222 = -2*g. What is the remainder when d is divided by 18?
16
Let b = 74 - 44. Calculate the remainder when (-12 + 2)*b/(-12) is divided by 13.
12
Suppose 4*s + 18 - 166 = 0. Calculate the remainder when s is divided by 13.
11
Let n = 9 + -7. Let m be 3 + 0 + 19 + -7. Suppose -4*u = -n*f - 14, 3*f + 0*f - m = 0. Calculate the remainder when 10 is divided by u.
4
Suppose 2*o + 1 + 3 = 0, -4*g = 3*o - 26. What is the remainder when (-8)/20 + (-157)/(-5) is divided by g?
7
Let m be 1*40 - (0 + 0). Suppose -m + 12 = -2*y. Let t = 47 + 8. What is the remainder when t is divided by y?
13
Let h(b) = 4*b + 4. Let a be h(2). Suppose -32 = 3*c - 92. Suppose 4*m - c = a. What is the remainder when m is divided by 5?
3
Let q(y) = 3*y + 1. Let d(f) = -f**2 - 10*f - 11. Let k be d(-8). What is the remainder when 62 is divided by q(k)?
14
What is the remainder when 70 is divided by -3 - -6*27/6?
22
Let t(b) = -b + 14. Let s = 3 - -3. What is the remainder when 21 is divided by t(s)?
5
Let o(v) = 2*v - 5. Let y = -6 + 9. Calculate the remainder when y/(-2)*(-24)/9 is divided by o(4).
1
Let q = 52 - 16. Let a = q - 18. Let o(f) = f**2 + f + 10. What is the remainder when a is divided by o(0)?
8
What is the remainder when (5 - 87/(-6))/((-1)/(-2)) is divided by 10?
9
Suppose 2 = s + 3. Let i(d) = 21*d**2 - 2*d - 1. Calculate the remainder when i(s) is divided by 12.
10
Let z(w) = -13*w - 2. Suppose 0 = -0*x + x + 2. Let n be z(x). Calculate the remainder when (n/4)/(3/4) is divided by 3.
2
Suppose -88 = v - 2*b, 74 = -3*v - b - 162. What is the remainder when 5 is divided by v/(-28) - 2/(-14)?
2
Let s(d) = d**2 + 31. What is the remainder when 61 is divided by s(0)?
30
Suppose -p + 65 = 4*p. Suppose -p = 3*j + 2, v = 5*j + 51. What is the remainder when v is divided by 9?
8
Suppose 4 = -z, 2*a - 62 = 5*z - 22. Suppose 20 = 5*k - 4*o - a, 0 = 3*k - o - 25. Calculate the remainder when k is divided by 4.
2
Let c(j) = 4*j + 44. Calculate the remainder when 59 is divided by c(-7).
11
Let p(c) = -c**2 + 9*c - 10. Let y be p(9). Let s = -6 - y. Let k(g) = 5*g - 4. Calculate the remainder when k(3) is divided by s.
3
Suppose 0 = -3*o + 19 + 8. Calculate the remainder when 41 is divided by o.
5
Let m(j) = j**3 - 6*j**2 + 6*j - 1. Let s be m(5). Suppose -2*c = h - 96, -h = s*c + 4*h - 186. What is the remainder when c is divided by 17?
15
Suppose -4*c = -k - 26, c + 0*k - 2*k = 3. What is the remainder when 54 is divided by c?
5
Suppose -5*q = -5*a + 60, -6*q + 20 = -q. What is the remainder when 28 is divided by 12/a*(-1 + 21)?
13
Suppose d - 4*q = 5*d - 192, 2*d + q = 93. Calculate the remainder when d is divided by 8.
5
Calculate the remainder when ((-32)/24)/(2/(-39)) is divided by 6.
2
Suppose r = -10 + 13. What is the remainder when 6 is divided by r?
0
Let k = 0 - 0. Suppose -h + 42 = 3*x - k*h, 2*x + 3*h = 21. Calculate the remainder when ((-88)/5)/(-2)*5 is divided by x.
14
Let i = -3 - -24. Calculate the remainder when 5/(5/(-2)) + 43 is divided by i.
20
Suppose 4 = -2*w + 3*w. Suppose 4*a - 44 - w = 0. Suppose 2*n = 4 + 40. What is the remainder when n is divided by a?
10
Suppose 56 = 7*m - 3*m. What is the remainder when 55 is divided by m?
13
Suppose -228 = -p - 3*p. What is the remainder when p is divided by 16?
9
Suppose 2*k + 0 = -p + 4, 5*k - 3*p - 10 = 0. Let q(w) = 8*w + 1. Let n be q(k). What is the remainder when n - (-2)/(1 + 0) is divided by 7?
5
Suppose -5*q - 5 + 25 = 0. Suppose 6 = -5*i - 3*t, 0 = 2*i - 4*t - 11 + 3. Suppose i = -2*w + 2 + 4. Calculate the remainder when q is divided by w.
1
Let x = 50 - 31. What is the remainder when x is divided by 4?
3
Calculate the remainder when 0 - ((-474)/8 - 2/(-8)) is divided by 24.
11
Let k(w) = 3*w + 13. Let d(q) = q**3 - 3*q**2 - 2*q + 5. Let c be d(4). What is the remainder when k(12) is divided by -2 + -1 + 7 + c?
15
What is the remainder when 14 is divided by 4/14 + (-312)/(-84)?
2
Suppose -2*v = v - 12. Suppose -f - v*p + 11 = 0, 3*f - 2*p = 4 + 1. Suppose -f*r + 2*j = 2*r - 15, j = r. What is the remainder when r is divided by 4?
1
Let i(k) = 14*k - 3. What is the remainder when i(1) is divided by 4?
3
Let l be (3/(-4))/((-4)/480). Let m be (6 + 0)/(12/8). Suppose 5*t - l = -5*w, 26 = -0*w + 3*w - m*t. What is the remainder when w is divided by 5?
4
Suppose 6*y = 20*y - 616. Suppose 3*j + 60 = 7*j + 5*c, -3*j = -3*c - 45. Calculate the remainder when y is divided by j.
14
Let b be (-1 + 13)*1 + 1. Let l(x) = x + 8. Calculate the rem